{"id":2,"date":"2014-10-18T14:14:42","date_gmt":"2014-10-18T14:14:42","guid":{"rendered":"http:\/\/lgsbartreng.lu\/wordpress\/?page_id=2"},"modified":"2020-05-05T15:13:09","modified_gmt":"2020-05-05T13:13:09","slug":"iwwert-eis","status":"publish","type":"page","link":"https:\/\/www.lgsbartreng.lu\/wordpress\/iwwert-eis\/","title":{"rendered":"Iwwert eis"},"content":{"rendered":"<h3>LGS Bartreng<\/h3>\n<div id=\"attachment_519\" style=\"width: 310px\" class=\"wp-caption alignright\"><img loading=\"lazy\" decoding=\"async\" aria-describedby=\"caption-attachment-519\" class=\"wp-image-519 size-medium\" src=\"http:\/\/lgsbartreng.lu\/wordpress\/wp-content\/uploads\/2014\/11\/home001-300x184.jpg\" alt=\"home001\" width=\"300\" height=\"184\" srcset=\"https:\/\/www.lgsbartreng.lu\/wordpress\/wp-content\/uploads\/2014\/11\/home001-300x184.jpg 300w, https:\/\/www.lgsbartreng.lu\/wordpress\/wp-content\/uploads\/2014\/11\/home001.jpg 383w\" sizes=\"auto, (max-width: 300px) 100vw, 300px\" \/><p id=\"caption-attachment-519\" class=\"wp-caption-text\">eisen Home an der rue de la Fontaine zu Bartreng<\/p><\/div>\n<p style=\"text-align: justify;\">Firwat den Numm LGS Bartreng? De Grupp Saint-Exup\u00e9ry vu Bartreng geh\u00e9iert zum Verband vun de &#8222;L\u00ebtzebuerger Guiden a Scouten&#8220; (kuerz: LGS). D&#8217;LGS ass en erz\u00e9ieresche Jugendmouvement, deen op ass fir jiddereen. Mat ongef\u00e9ier 5.000 Membere sinn d&#8217;LGS och d\u00e9i gr\u00e9isst Jugendorganisatioun zu L\u00ebtzebuerg. 58 lokal Gruppe g\u00ebtt et am Land. D&#8217;LGS sinn \u00ebnnert anerem Member bei der &#8222;World Organization of the Scout Movement&#8220; (kuerz: WOSM) an der &#8222;World Association of Girl Guides and Girl Scouts&#8220; (kuerz: WAGGGS).<\/p>\n<p style=\"text-align: justify;\" align=\"justify\">D\u00e9i Bartrenger Guiden a Scouten\u00a0bidden de Kanner (ab 8 Joer) a Jugendlechen eng ganz Rei flott an usprochsvoll Aktivit\u00e9iten un. Nieft eiser Mont\u00e9e, dem Adventsmaart, Bazar, Theater, Ouschteree\u00ebraktioun a Wisefest organis\u00e9iert all Branche hir Versammlungen, Sortie\u2019en, Weekender a Camp\u2019en, d\u00e9i dann dem jeeweilegen Alter ugepasst sinn.<\/p>\n<p>Mir hu 5 Branchen mat ronn 100 Bartrenger Guiden a Scouten, d\u00e9i a folgend Alterskategorien opgdeelt sin:<\/p>\n<ul>\n<li><a title=\"W\u00ebllef (8 \u2013 11 Joer)\" href=\"http:\/\/lgsbartreng.lu\/wordpress\/branchen\/wellef\/\">W\u00ebllefcher (8 &#8211; 11 Joer)<\/a><\/li>\n<li style=\"text-align: justify;\"><a title=\"AvEx (11 \u2013 14 Joer)\" href=\"http:\/\/lgsbartreng.lu\/wordpress\/branchen\/avex\/\">AvEx (11 &#8211; 14 Joer)<\/a><\/li>\n<li style=\"text-align: justify;\"><a title=\"CaraPio (14 \u2013 17 Joer)\" href=\"http:\/\/lgsbartreng.lu\/wordpress\/branchen\/carapio\/\">CaraPio (14 &#8211; 17 Joer)<\/a><\/li>\n<li style=\"text-align: justify;\"><a title=\"RaRo (17 \u2013 23 Joer)\" href=\"http:\/\/lgsbartreng.lu\/wordpress\/branchen\/raro\/\">RaRo (17 &#8211; 23 Joer)<\/a><\/li>\n<li style=\"text-align: justify;\"><a title=\"Albatrossen (ab 23 Joer)\" href=\"http:\/\/lgsbartreng.lu\/wordpress\/branchen\/albatrossen\/\">Albatrossen (ab 23 Joer)<\/a><\/li>\n<\/ul>\n<p style=\"text-align: center;\"><a href=\"http:\/\/www.lgsbartreng.lu\/wordpress\/branchen\/wellef\/\"><img loading=\"lazy\" decoding=\"async\" class=\"alignnone wp-image-3280\" title=\"W\u00ebllefcher (8 - 11 Joer)\" src=\"http:\/\/www.lgsbartreng.lu\/wordpress\/wp-content\/uploads\/2020\/04\/W\u00ebllefcher_rgb-700x700-1-150x150.png\" alt=\"\" width=\"100\" height=\"100\" srcset=\"https:\/\/www.lgsbartreng.lu\/wordpress\/wp-content\/uploads\/2020\/04\/W\u00ebllefcher_rgb-700x700-1-150x150.png 150w, https:\/\/www.lgsbartreng.lu\/wordpress\/wp-content\/uploads\/2020\/04\/W\u00ebllefcher_rgb-700x700-1-300x300.png 300w, https:\/\/www.lgsbartreng.lu\/wordpress\/wp-content\/uploads\/2020\/04\/W\u00ebllefcher_rgb-700x700-1.png 700w\" sizes=\"auto, (max-width: 100px) 100vw, 100px\" \/><\/a><a href=\"http:\/\/www.lgsbartreng.lu\/wordpress\/branchen\/avex\/\"><img loading=\"lazy\" decoding=\"async\" class=\"alignnone wp-image-3279\" title=\"AvEx (11 - 14 Joer)\" src=\"http:\/\/www.lgsbartreng.lu\/wordpress\/wp-content\/uploads\/2020\/04\/AvEx_rgb-700x700-1-150x150.png\" alt=\"\" width=\"100\" height=\"100\" srcset=\"https:\/\/www.lgsbartreng.lu\/wordpress\/wp-content\/uploads\/2020\/04\/AvEx_rgb-700x700-1-150x150.png 150w, https:\/\/www.lgsbartreng.lu\/wordpress\/wp-content\/uploads\/2020\/04\/AvEx_rgb-700x700-1-300x300.png 300w, https:\/\/www.lgsbartreng.lu\/wordpress\/wp-content\/uploads\/2020\/04\/AvEx_rgb-700x700-1.png 700w\" sizes=\"auto, (max-width: 100px) 100vw, 100px\" \/><\/a><a href=\"http:\/\/www.lgsbartreng.lu\/wordpress\/branchen\/carapio\/\"><img loading=\"lazy\" decoding=\"async\" class=\"alignnone wp-image-3278\" title=\"CaraPio (14 - 17 Joer)\" src=\"http:\/\/www.lgsbartreng.lu\/wordpress\/wp-content\/uploads\/2020\/04\/CaraPio_rgb-700x700-1-150x150.png\" alt=\"\" width=\"100\" height=\"100\" srcset=\"https:\/\/www.lgsbartreng.lu\/wordpress\/wp-content\/uploads\/2020\/04\/CaraPio_rgb-700x700-1-150x150.png 150w, https:\/\/www.lgsbartreng.lu\/wordpress\/wp-content\/uploads\/2020\/04\/CaraPio_rgb-700x700-1-300x300.png 300w, https:\/\/www.lgsbartreng.lu\/wordpress\/wp-content\/uploads\/2020\/04\/CaraPio_rgb-700x700-1.png 700w\" sizes=\"auto, (max-width: 100px) 100vw, 100px\" \/><\/a><a href=\"http:\/\/www.lgsbartreng.lu\/wordpress\/branchen\/raro\/\"><img loading=\"lazy\" decoding=\"async\" class=\"alignnone wp-image-3281\" title=\"RaRo (17 - 23 Joer)\" src=\"http:\/\/www.lgsbartreng.lu\/wordpress\/wp-content\/uploads\/2020\/04\/RaRo_rgb-700x700-1-150x150.png\" alt=\"\" width=\"100\" height=\"100\" srcset=\"https:\/\/www.lgsbartreng.lu\/wordpress\/wp-content\/uploads\/2020\/04\/RaRo_rgb-700x700-1-150x150.png 150w, https:\/\/www.lgsbartreng.lu\/wordpress\/wp-content\/uploads\/2020\/04\/RaRo_rgb-700x700-1-300x300.png 300w, https:\/\/www.lgsbartreng.lu\/wordpress\/wp-content\/uploads\/2020\/04\/RaRo_rgb-700x700-1.png 700w\" sizes=\"auto, (max-width: 100px) 100vw, 100px\" \/><\/a><a href=\"http:\/\/www.lgsbartreng.lu\/wordpress\/branchen\/albatrossen\/\"><img loading=\"lazy\" decoding=\"async\" class=\"alignnone wp-image-2148\" title=\"Albatrossen (ab 23 Joer)\" src=\"http:\/\/www.lgsbartreng.lu\/wordpress\/wp-content\/uploads\/2017\/05\/albatrossen-150x150.png\" alt=\"\" width=\"100\" height=\"100\" \/><\/a><\/p>\n<p style=\"text-align: center;\"><!--more--><\/p>\n<p style=\"text-align: left;\">Hei f\u00ebnns du eisen Home:<\/p>\n<p><iframe loading=\"lazy\" style=\"border: 0;\" src=\"https:\/\/www.google.com\/maps\/embed?pb=!1m18!1m12!1m3!1d646.3076961509629!2d6.05168508781761!3d49.61225363725934!2m3!1f0!2f0!3f0!3m2!1i1024!2i768!4f13.1!3m3!1m2!1s0x0%3A0x8a0002eb9933eac4!2sL%C3%ABtzebuerger+Guiden+A+Scouten+Saint+Exup%C3%A9ry!5e0!3m2!1sde!2slu!4v1504391677014\" width=\"600\" height=\"450\" frameborder=\"0\" allowfullscreen=\"allowfullscreen\"><\/iframe><\/p>\n<p style=\"text-align: left;\">Hei f\u00ebnns du e Spot vun de L\u00ebtzebuerger Guiden a Scouten (LGS):<\/p>\n<p><span class=\"embed-youtube\" style=\"text-align:center; display: block;\"><iframe loading=\"lazy\" class=\"youtube-player\" width=\"616\" height=\"347\" src=\"https:\/\/www.youtube.com\/embed\/MkDuOTOBsmk?version=3&#038;rel=1&#038;showsearch=0&#038;showinfo=1&#038;iv_load_policy=1&#038;fs=1&#038;hl=de-DE&#038;autohide=2&#038;wmode=transparent\" allowfullscreen=\"true\" style=\"border:0;\" sandbox=\"allow-scripts allow-same-origin allow-popups allow-presentation allow-popups-to-escape-sandbox\"><\/iframe><\/span><\/p>\n<h3>E b\u00ebssen aus eiser Geschicht erzielt<\/h3>\n<h3 style=\"text-align: justify;\">1974<\/h3>\n<p style=\"text-align: justify;\">gr\u00ebnnen\u00a0e puer Idealisten, dank de Bem\u00e9iungen an \u00ebnnert der Leedung vun eisem fr\u00e9iere Paschtouer an Aum\u00f4nier\u00a0Ferdy\u00a0Fischer, zu Bartreng de Scoutsgrupp\u00a0Saint-Exup\u00e9ry. D\u00e9i Bartrenger Scouten f\u00e4nke mat der Branche W\u00ebllefcher un. Ganzer 15 Jongen bilden d\u00e9i \u00e9ischt Bartrenger W\u00ebllefchersmeute.\u00a0No de W\u00ebllefcher ginn d&#8217;Scouten vum Belairer Grupp\u00a0iwwerholl.<\/p>\n<h3 style=\"text-align: justify;\">1975<\/h3>\n<p style=\"text-align: justify;\">g\u00ebt\u00a0de Grupp provisoresch an de Verband vun de L\u00ebtzebuerger Scouten opgeholl.<\/p>\n<h3 style=\"text-align: justify;\">1977<\/h3>\n<p style=\"text-align: justify;\">gelengt de Bartrenger Scouten de groussen Duerchbroch an de Ren\u00e9\u00a0Gerard s\u00ebtzt\u00a0d\u00e9i 2 Branchen Explorer a Pion\u00e9ier op d&#8217;Been. Vun deem Joer un kann\u00a0de Grupp\u00a0Saint-Exup\u00e9ry\u00a0vu Bartreng Kanner a Jugendlecher aus all\u00a0Altersstufen\u00a0ophuelen a mat hinnen eng w\u00e4ertvoll, l\u00e9ierr\u00e4ich an interessant Jugendaarbecht leeschten.<\/p>\n<h3 style=\"text-align: justify;\">1978<\/h3>\n<p style=\"text-align: justify;\">g\u00ebtt eise Grupp offiziell Member vum Verband opgeholl, \u00ebnnert dem Numm &#8222;Saint-Exup\u00e9ry&#8220;. Elo hu mir 40 Bouwen a kr\u00e9ien eise F\u00e4ndel.<\/p>\n<div id=\"attachment_948\" style=\"width: 310px\" class=\"wp-caption alignright\"><img loading=\"lazy\" decoding=\"async\" aria-describedby=\"caption-attachment-948\" class=\"wp-image-948 size-medium\" src=\"http:\/\/lgsbartreng.lu\/wordpress\/wp-content\/uploads\/2014\/10\/Zerleeung-300x205.jpg\" alt=\"Zerleeung\" width=\"300\" height=\"205\" srcset=\"https:\/\/www.lgsbartreng.lu\/wordpress\/wp-content\/uploads\/2014\/10\/Zerleeung-300x205.jpg 300w, https:\/\/www.lgsbartreng.lu\/wordpress\/wp-content\/uploads\/2014\/10\/Zerleeung-1024x701.jpg 1024w, https:\/\/www.lgsbartreng.lu\/wordpress\/wp-content\/uploads\/2014\/10\/Zerleeung-972x665.jpg 972w\" sizes=\"auto, (max-width: 300px) 100vw, 300px\" \/><p id=\"caption-attachment-948\" class=\"wp-caption-text\">Zerleeung vun engem Pavillon vum Lyc\u00e9e Robert Schumann<\/p><\/div>\n<h3 style=\"text-align: justify;\">1980<\/h3>\n<p style=\"text-align: justify;\">sinn d\u00e9i Bartrenger Scouten op der Sich no engem Home. Duerch dem H\u00e4r Ferdy Fischer seng Kontakter g\u00ebt\u00a0en Holzpavillon vum Lyc\u00e9e Robert Schumann um Lampertsbierg de Bartrenger Scouten gratis zur Verf\u00fcgung gestallt. An 12 Deeg g\u00ebt\u00a0d\u00ebse Pavillon mat eegenen H\u00e4nn vu Scouten an anere Fr\u00e4iw\u00ebllegen\u00a0um Lampertsbierg zerluecht an op Bartreng transport\u00e9iert. Well de Pavillon no engem Baukastesystem opgebaut war, kann\u00a0d\u00ebsen och no e puer Varianten er\u00ebm opgebaut ginn. \u00cbn as och relativ grouss (50 m x 11 m) an dofir g\u00ebt\u00a0d\u00e9cid\u00e9iert, en Deel vun den Elementer un d&#8217;Par ofzetrieden.<\/p>\n<div id=\"attachment_949\" style=\"width: 310px\" class=\"wp-caption alignright\"><img loading=\"lazy\" decoding=\"async\" aria-describedby=\"caption-attachment-949\" class=\"wp-image-949 size-medium\" src=\"http:\/\/lgsbartreng.lu\/wordpress\/wp-content\/uploads\/2014\/10\/Rekonstruktioun-300x213.jpg\" alt=\"Rekonstruktioun\" width=\"300\" height=\"213\" srcset=\"https:\/\/www.lgsbartreng.lu\/wordpress\/wp-content\/uploads\/2014\/10\/Rekonstruktioun-300x213.jpg 300w, https:\/\/www.lgsbartreng.lu\/wordpress\/wp-content\/uploads\/2014\/10\/Rekonstruktioun-1024x728.jpg 1024w, https:\/\/www.lgsbartreng.lu\/wordpress\/wp-content\/uploads\/2014\/10\/Rekonstruktioun-972x691.jpg 972w\" sizes=\"auto, (max-width: 300px) 100vw, 300px\" \/><p id=\"caption-attachment-949\" class=\"wp-caption-text\">Rekonstruktioun vum Pavillon als Home zu Bartreng<\/p><\/div>\n<h3 style=\"text-align: justify;\">1982<\/h3>\n<p style=\"text-align: justify;\">g\u00ebt\u00a0dann den \u00e9ischte Grondsteen geluecht. W\u00e4hrend 5 Joer schafft\u00a0e Grupp Fr\u00e4iw\u00eblleger praktesch all Samschdeg un deem Bau. Vill Schweess a vill Asaz g\u00ebt hei bruecht.<\/p>\n<h3 style=\"text-align: justify;\">1985<\/h3>\n<p style=\"text-align: justify;\">stellt\u00a0de Paschtouer\u00a0Ferdy\u00a0Fischer och nach de\u00a0Guidegrupp\u00a0Saints-Pierre-et-Paul op d&#8217;Been. Vun do un k\u00ebnnen\u00a0dann och d&#8217;Meedercher flott a l\u00e9ierr\u00e4ich Stonnen matenee\u00a0verbr\u00e9ngen.<\/p>\n<h3 style=\"text-align: justify;\">1987<\/h3>\n<p style=\"text-align: justify;\">kann\u00a0den Home ageweit ginn!<\/p>\n<h3 style=\"text-align: justify;\">2000<\/h3>\n<p style=\"text-align: justify;\">k\u00ebnnt\u00a0et dann zu der grousser Fusioun vun de Guiden a Scouten. Vun deem Joer un\u00a0g\u00ebtt\u00a0aus de Bartrenger Scouten\u00a0Saint-Exup\u00e9ry\u00a0an de Bartrenger Guiden\u00a0Saints-Pierre-et-Paul de Grupp<\/p>\n<h3 style=\"text-align: center;\"><strong>L\u00cbTZEBUERGER\u00a0GUIDEN A SCOUTEN<\/strong><\/h3>\n<h3 style=\"text-align: center;\"><strong>GRUPP SAINT-EXUPERY BARTRENG<\/strong><\/h3>\n<h3 style=\"text-align: justify;\">Haut<\/h3>\n<p style=\"text-align: justify;\">hu mir 5 Branche mat iwwert 100 Bartrenger Guiden a Scouten.<\/p>\n<p style=\"text-align: center;\"><a href=\"http:\/\/www.lgsbartreng.lu\/wordpress\/branchen\/wellef\/\"><img loading=\"lazy\" decoding=\"async\" class=\"alignnone wp-image-3280\" title=\"W\u00ebllefcher (8 - 11 Joer)\" src=\"http:\/\/www.lgsbartreng.lu\/wordpress\/wp-content\/uploads\/2020\/04\/W\u00ebllefcher_rgb-700x700-1-150x150.png\" alt=\"\" width=\"100\" height=\"100\" srcset=\"https:\/\/www.lgsbartreng.lu\/wordpress\/wp-content\/uploads\/2020\/04\/W\u00ebllefcher_rgb-700x700-1-150x150.png 150w, https:\/\/www.lgsbartreng.lu\/wordpress\/wp-content\/uploads\/2020\/04\/W\u00ebllefcher_rgb-700x700-1-300x300.png 300w, https:\/\/www.lgsbartreng.lu\/wordpress\/wp-content\/uploads\/2020\/04\/W\u00ebllefcher_rgb-700x700-1.png 700w\" sizes=\"auto, (max-width: 100px) 100vw, 100px\" \/><\/a><a href=\"http:\/\/www.lgsbartreng.lu\/wordpress\/branchen\/avex\/\"><img loading=\"lazy\" decoding=\"async\" class=\"alignnone wp-image-3279\" title=\"AvEx (11 - 14 Joer)\" src=\"http:\/\/www.lgsbartreng.lu\/wordpress\/wp-content\/uploads\/2020\/04\/AvEx_rgb-700x700-1-150x150.png\" alt=\"\" width=\"100\" height=\"100\" srcset=\"https:\/\/www.lgsbartreng.lu\/wordpress\/wp-content\/uploads\/2020\/04\/AvEx_rgb-700x700-1-150x150.png 150w, https:\/\/www.lgsbartreng.lu\/wordpress\/wp-content\/uploads\/2020\/04\/AvEx_rgb-700x700-1-300x300.png 300w, https:\/\/www.lgsbartreng.lu\/wordpress\/wp-content\/uploads\/2020\/04\/AvEx_rgb-700x700-1.png 700w\" sizes=\"auto, (max-width: 100px) 100vw, 100px\" \/><\/a><a href=\"http:\/\/www.lgsbartreng.lu\/wordpress\/branchen\/carapio\/\"><img loading=\"lazy\" decoding=\"async\" class=\"alignnone wp-image-3278\" title=\"CaraPio (14 - 17 Joer)\" src=\"http:\/\/www.lgsbartreng.lu\/wordpress\/wp-content\/uploads\/2020\/04\/CaraPio_rgb-700x700-1-150x150.png\" alt=\"\" width=\"100\" height=\"100\" srcset=\"https:\/\/www.lgsbartreng.lu\/wordpress\/wp-content\/uploads\/2020\/04\/CaraPio_rgb-700x700-1-150x150.png 150w, https:\/\/www.lgsbartreng.lu\/wordpress\/wp-content\/uploads\/2020\/04\/CaraPio_rgb-700x700-1-300x300.png 300w, https:\/\/www.lgsbartreng.lu\/wordpress\/wp-content\/uploads\/2020\/04\/CaraPio_rgb-700x700-1.png 700w\" sizes=\"auto, (max-width: 100px) 100vw, 100px\" \/><\/a><a href=\"http:\/\/www.lgsbartreng.lu\/wordpress\/branchen\/raro\/\"><img loading=\"lazy\" decoding=\"async\" class=\"alignnone wp-image-3281\" title=\"RaRo (17 - 23 Joer)\" src=\"http:\/\/www.lgsbartreng.lu\/wordpress\/wp-content\/uploads\/2020\/04\/RaRo_rgb-700x700-1-150x150.png\" alt=\"\" width=\"100\" height=\"100\" srcset=\"https:\/\/www.lgsbartreng.lu\/wordpress\/wp-content\/uploads\/2020\/04\/RaRo_rgb-700x700-1-150x150.png 150w, https:\/\/www.lgsbartreng.lu\/wordpress\/wp-content\/uploads\/2020\/04\/RaRo_rgb-700x700-1-300x300.png 300w, https:\/\/www.lgsbartreng.lu\/wordpress\/wp-content\/uploads\/2020\/04\/RaRo_rgb-700x700-1.png 700w\" sizes=\"auto, (max-width: 100px) 100vw, 100px\" \/><\/a><a href=\"http:\/\/www.lgsbartreng.lu\/wordpress\/branchen\/albatrossen\/\"><img loading=\"lazy\" decoding=\"async\" class=\"alignnone wp-image-2148\" title=\"Albatrossen (ab 23 Joer)\" src=\"http:\/\/www.lgsbartreng.lu\/wordpress\/wp-content\/uploads\/2017\/05\/albatrossen-150x150.png\" alt=\"\" width=\"100\" height=\"100\" \/><\/a><\/p>\n<p style=\"text-align: center;\">\n<h3>Philosophie<\/h3>\n<p class=\"entry-content clearfix\">D\u2019L\u00ebtzebuerger Guiden a Scouten sinn de gr\u00e9issten edukative Jugendmouvement zu L\u00ebtzebuerg. Eis Missioun ass et, d\u00e9i Jonk dorop virzebereeden, sp\u00e9iderhi Responsabilit\u00e9it fir sech a fir aneren z\u2019iwwerhuelen. An deem S\u00ebnn bidden eis motiv\u00e9iert Fr\u00e4iw\u00eblleg de Jonken en oppene Kader, wou jiddereen aktiv matmaachen a matbest\u00ebmmen dierf.<\/p>\n<h3>Fir mech, fir dech, fir eis, fir jiddereen<\/h3>\n<p>Zesummen a Gruppe kann all Eenzelne flott Erfahrunge maachen, Fr\u00ebndschafte schl\u00e9issen, sozial F\u00e4egkeete l\u00e9ieren an sech pers\u00e9inlech weider entw\u00e9ckelen. Bei den LGS l\u00e9ieren d\u00e9i Jonk d\u2019Natur ze respekt\u00e9ieren, iwwer sech selwer an hiert \u00cbmfeld nozedenke fir sech sp\u00e9ider aktiv, och fir aneren, anzesetzen.<\/p>\n<h3>Learning By Doing<\/h3>\n<p style=\"text-align: justify;\">D\u00e9i edukativ Aarbecht bas\u00e9iert op den Iddien an der Method vum Gr\u00ebnner Lord Robert Baden-Powell (kuerz BP). Dat praktescht Schaffen an d&#8217;Selwermaache sti virop. Esou kr\u00e9ien d&#8217;Kanner an d\u00e9i Jonk F\u00e4egkeeten a W\u00e4erter verm\u00ebttelt mam Zil, eng konstruktiv Roll an der Gesellschaft ze spillen.<\/p>\n<h3>Ask the boy \/ ask the girl<\/h3>\n<p style=\"text-align: justify;\">Progressiv Matbest\u00ebmmung g\u00ebtt bei eis grouss geschriwwen. D\u2019Kanner a Jugendlech decid\u00e9iere selwer, \u00ebnnerst\u00ebtzt duerch hir Cheftainen a Chef, wat si \u00ebnnerhuele w\u00ebllen. Et g\u00ebtt a klengen Equipe geschafft, wou jiddereen zu Wuert k\u00ebnnt. Esou l\u00e9iere si mat ze diskut\u00e9ieren, am Grupp mat Aneren zesummen ze schaffen an no an no Verantwortung fir Anerer ze iwwerhuelen. Et geschitt keng Bew\u00e4ertung an esou kann den Eenzelen ouni Leeschtungsdrock sech a sengem eegene Rhythmus entw\u00e9ckelen. D\u00e9i Jonk gi begleed vun erwuessenen a form\u00e9ierte Cheftainen Chef, d\u00e9i alleguer hir Aarbecht benevol duerchf\u00e9ieren.<\/p>\n<header class=\"article-header\">\n<h3 class=\"page-title\">Dokumentatioun<\/h3>\n<\/header>\n<ul>\n<li><a href=\"http:\/\/www.lgsbartreng.lu\/wordpress\/wp-content\/uploads\/2014\/10\/BP.pdf\">BP (Robert Baden Powell, Lord of Gilwell)<\/a><\/li>\n<li><a href=\"http:\/\/www.lgsbartreng.lu\/wordpress\/wp-content\/uploads\/2014\/11\/Geschicht-LGS.pdf\" target=\"_blank\" rel=\"noopener noreferrer\">Geschicht LGS (L\u00ebtzebuerger Guiden a Scouten)<\/a><\/li>\n<li><a href=\"http:\/\/www.lgsbartreng.lu\/wordpress\/wp-content\/uploads\/2014\/11\/Scoutsgesetz.pdf\" target=\"_blank\" rel=\"noopener noreferrer\">Guiden-\/Scoutsgesetz<\/a><\/li>\n<\/ul>\n<p style=\"text-align: right;\">\n<p style=\"text-align: center;\"><a href=\"http:\/\/www.lgs.lu\/\" target=\"_blank\" rel=\"noopener noreferrer\"><img loading=\"lazy\" decoding=\"async\" class=\"alignnone wp-image-533\" src=\"http:\/\/lgsbartreng.lu\/wordpress\/wp-content\/uploads\/2014\/11\/LGS_pos_ho-300x80.jpg\" alt=\"LGS_pos_ho\" width=\"299\" height=\"80\" srcset=\"https:\/\/www.lgsbartreng.lu\/wordpress\/wp-content\/uploads\/2014\/11\/LGS_pos_ho-300x80.jpg 300w, https:\/\/www.lgsbartreng.lu\/wordpress\/wp-content\/uploads\/2014\/11\/LGS_pos_ho.jpg 393w\" sizes=\"auto, (max-width: 299px) 100vw, 299px\" \/><\/a><\/p>\n<p style=\"text-align: center;\"><a href=\"https:\/\/www.scout.org\/\" target=\"_blank\" rel=\"noopener noreferrer\"><img loading=\"lazy\" decoding=\"async\" class=\"alignnone wp-image-1551\" title=\"Member vun der World Organization of the Scout Movement (WOSM)\" src=\"http:\/\/www.lgsbartreng.lu\/wordpress\/wp-content\/uploads\/2014\/10\/wosm-150x150.png\" alt=\"wosm\" width=\"80\" height=\"80\" srcset=\"https:\/\/www.lgsbartreng.lu\/wordpress\/wp-content\/uploads\/2014\/10\/wosm-150x150.png 150w, https:\/\/www.lgsbartreng.lu\/wordpress\/wp-content\/uploads\/2014\/10\/wosm-300x300.png 300w, https:\/\/www.lgsbartreng.lu\/wordpress\/wp-content\/uploads\/2014\/10\/wosm.png 400w\" sizes=\"auto, (max-width: 80px) 100vw, 80px\" \/><\/a><a href=\"https:\/\/www.wagggs.org\/\" target=\"_blank\" rel=\"noopener noreferrer\"><img loading=\"lazy\" decoding=\"async\" class=\"alignnone wp-image-1550\" title=\"Member vun der World Association of Girl Guides and Girl Scouts (WAGGGS)\" src=\"http:\/\/lgsbartreng.lu\/wordpress\/wp-content\/uploads\/2014\/10\/wagggs-300x300.png\" alt=\"wagggs\" width=\"80\" height=\"80\" srcset=\"https:\/\/www.lgsbartreng.lu\/wordpress\/wp-content\/uploads\/2014\/10\/wagggs-300x300.png 300w, https:\/\/www.lgsbartreng.lu\/wordpress\/wp-content\/uploads\/2014\/10\/wagggs-150x150.png 150w, https:\/\/www.lgsbartreng.lu\/wordpress\/wp-content\/uploads\/2014\/10\/wagggs.png 646w\" sizes=\"auto, (max-width: 80px) 100vw, 80px\" \/><\/a><a href=\"http:\/\/www.sil.lu\" target=\"_blank\" rel=\"noopener noreferrer\"><img loading=\"lazy\" decoding=\"async\" class=\"alignnone wp-image-3375\" src=\"http:\/\/www.lgsbartreng.lu\/wordpress\/wp-content\/uploads\/2020\/05\/SIL-300x113.png\" alt=\"\" width=\"213\" height=\"80\" srcset=\"https:\/\/www.lgsbartreng.lu\/wordpress\/wp-content\/uploads\/2020\/05\/SIL-300x113.png 300w, https:\/\/www.lgsbartreng.lu\/wordpress\/wp-content\/uploads\/2020\/05\/SIL.png 533w\" sizes=\"auto, (max-width: 213px) 100vw, 213px\" \/><\/a><\/p>\n<div class=\"fcbkbttn_buttons_block\" id=\"fcbkbttn_left\"><div class=\"fcbkbttn_button\">\n\t\t\t\t\t<a href=\"https:\/\/www.facebook.com\/lgsbartreng\" target=\"_blank\">\n\t\t\t\t\t\t<img decoding=\"async\" src=\"\" alt=\"Fb-Button\" \/>\n\t\t\t\t\t<\/a>\n\t\t\t\t<\/div><div class=\"fcbkbttn_like \"><fb:like href=\"https:\/\/www.lgsbartreng.lu\/wordpress\/iwwert-eis\/\" action=\"like\" colorscheme=\"light\" layout=\"button\"  size=\"small\"><\/fb:like><\/div><div class=\"fb-share-button  \" data-href=\"https:\/\/www.lgsbartreng.lu\/wordpress\/iwwert-eis\/\" data-type=\"button\" data-size=\"small\"><\/div><\/div>","protected":false},"excerpt":{"rendered":"<p>LGS Bartreng Firwat den Numm LGS Bartreng? De Grupp Saint-Exup\u00e9ry vu Bartreng geh\u00e9iert zum Verband vun de &#8222;L\u00ebtzebuerger Guiden a Scouten&#8220; (kuerz: LGS). D&#8217;LGS ass en erz\u00e9ieresche Jugendmouvement, deen op ass fir jiddereen. Mat ongef\u00e9ier 5.000 Membere sinn d&#8217;LGS och&#8230;<br \/><a class=\"read-more-button\" href=\"https:\/\/www.lgsbartreng.lu\/wordpress\/iwwert-eis\/\">Mehr Lesen<\/a><\/p>\n","protected":false},"author":1,"featured_media":0,"parent":0,"menu_order":0,"comment_status":"closed","ping_status":"closed","template":"","meta":{"jetpack_post_was_ever_published":false,"footnotes":""},"class_list":["post-2","page","type-page","status-publish","hentry"],"jetpack_sharing_enabled":true,"jetpack_shortlink":"https:\/\/wp.me\/P8GwUP-2","post_mailing_queue_ids":[],"_links":{"self":[{"href":"https:\/\/www.lgsbartreng.lu\/wordpress\/wp-json\/wp\/v2\/pages\/2","targetHints":{"allow":["GET"]}}],"collection":[{"href":"https:\/\/www.lgsbartreng.lu\/wordpress\/wp-json\/wp\/v2\/pages"}],"about":[{"href":"https:\/\/www.lgsbartreng.lu\/wordpress\/wp-json\/wp\/v2\/types\/page"}],"author":[{"embeddable":true,"href":"https:\/\/www.lgsbartreng.lu\/wordpress\/wp-json\/wp\/v2\/users\/1"}],"replies":[{"embeddable":true,"href":"https:\/\/www.lgsbartreng.lu\/wordpress\/wp-json\/wp\/v2\/comments?post=2"}],"version-history":[{"count":90,"href":"https:\/\/www.lgsbartreng.lu\/wordpress\/wp-json\/wp\/v2\/pages\/2\/revisions"}],"predecessor-version":[{"id":3458,"href":"https:\/\/www.lgsbartreng.lu\/wordpress\/wp-json\/wp\/v2\/pages\/2\/revisions\/3458"}],"wp:attachment":[{"href":"https:\/\/www.lgsbartreng.lu\/wordpress\/wp-json\/wp\/v2\/media?parent=2"}],"curies":[{"name":"wp","href":"https:\/\/api.w.org\/{rel}","templated":true}]}}