{"id":60,"date":"2014-10-24T17:09:46","date_gmt":"2014-10-24T15:09:46","guid":{"rendered":"http:\/\/lgsbartreng.lu\/wordpress\/?page_id=60"},"modified":"2020-04-09T23:40:56","modified_gmt":"2020-04-09T21:40:56","slug":"albatrossen","status":"publish","type":"page","link":"https:\/\/www.lgsbartreng.lu\/wordpress\/branchen\/albatrossen\/","title":{"rendered":"Albatrossen (ab 23 Joer)"},"content":{"rendered":"<p style=\"text-align: justify;\"><img loading=\"lazy\" decoding=\"async\" class=\"size-full wp-image-2153 aligncenter\" src=\"http:\/\/www.lgsbartreng.lu\/wordpress\/wp-content\/uploads\/2017\/05\/logo.png\" alt=\"\" width=\"692\" height=\"170\" srcset=\"https:\/\/www.lgsbartreng.lu\/wordpress\/wp-content\/uploads\/2017\/05\/logo.png 692w, https:\/\/www.lgsbartreng.lu\/wordpress\/wp-content\/uploads\/2017\/05\/logo-300x74.png 300w\" sizes=\"auto, (max-width: 692px) 100vw, 692px\" \/><\/p>\n<p style=\"text-align: justify;\">D&#8217;Albatrosse sinn Erwuessener vun 23 bis 100 Joer.<\/p>\n<p style=\"text-align: justify;\">Hir Ziler sinn d\u00e9i selwecht w\u00e9i d\u00e9i vum ganze Verband.\u00a0M\u00e4 alleng duerch den Alter ergi sech aner M\u00e9iglechkeeten an Ufuerderungen.<\/p>\n<p style=\"text-align: justify;\">D&#8217;Albatrosse sinn eng &#8222;Branche&#8220; fir all Guiden a Scouten d\u00e9i aus de RaRo erauswuessen,\u00a0d\u00e9i als Zil huet dass d&#8217;Leit dem Grupp weiderhin no stinn, w\u00e4hrend se am Beruffsliewen oder am Familljeliewe stinn. Den Numm vun der Branche, &#8222;Albatrossen&#8220;, \u00ebnnerstr\u00e4icht dass d\u00ebs Guiden Scouten manner un Z\u00e4iten a Regele gebonne sinn.<\/p>\n<p style=\"text-align: right;\"><em>(Quell: lgs.lu)<\/em><\/p>\n<div class=\"fcbkbttn_buttons_block\" id=\"fcbkbttn_left\"><div class=\"fcbkbttn_button\">\n\t\t\t\t\t<a href=\"https:\/\/www.facebook.com\/lgsbartreng\" target=\"_blank\">\n\t\t\t\t\t\t<img decoding=\"async\" src=\"\" alt=\"Fb-Button\" \/>\n\t\t\t\t\t<\/a>\n\t\t\t\t<\/div><div class=\"fcbkbttn_like \"><fb:like href=\"https:\/\/www.lgsbartreng.lu\/wordpress\/branchen\/albatrossen\/\" action=\"like\" colorscheme=\"light\" layout=\"button\"  size=\"small\"><\/fb:like><\/div><div class=\"fb-share-button  \" data-href=\"https:\/\/www.lgsbartreng.lu\/wordpress\/branchen\/albatrossen\/\" data-type=\"button\" data-size=\"small\"><\/div><\/div>","protected":false},"excerpt":{"rendered":"<p>D&#8217;Albatrosse sinn Erwuessener vun 23 bis 100 Joer. Hir Ziler sinn d\u00e9i selwecht w\u00e9i d\u00e9i vum ganze Verband.\u00a0M\u00e4 alleng duerch den Alter ergi sech aner M\u00e9iglechkeeten an Ufuerderungen. D&#8217;Albatrosse sinn eng &#8222;Branche&#8220; fir all Guiden a Scouten d\u00e9i aus de&#8230;<br \/><a class=\"read-more-button\" href=\"https:\/\/www.lgsbartreng.lu\/wordpress\/branchen\/albatrossen\/\">Mehr Lesen<\/a><\/p>\n","protected":false},"author":1,"featured_media":0,"parent":109,"menu_order":0,"comment_status":"closed","ping_status":"closed","template":"","meta":{"jetpack_post_was_ever_published":false,"footnotes":""},"class_list":["post-60","page","type-page","status-publish","hentry"],"jetpack_sharing_enabled":true,"jetpack_shortlink":"https:\/\/wp.me\/P8GwUP-Y","post_mailing_queue_ids":[],"_links":{"self":[{"href":"https:\/\/www.lgsbartreng.lu\/wordpress\/wp-json\/wp\/v2\/pages\/60","targetHints":{"allow":["GET"]}}],"collection":[{"href":"https:\/\/www.lgsbartreng.lu\/wordpress\/wp-json\/wp\/v2\/pages"}],"about":[{"href":"https:\/\/www.lgsbartreng.lu\/wordpress\/wp-json\/wp\/v2\/types\/page"}],"author":[{"embeddable":true,"href":"https:\/\/www.lgsbartreng.lu\/wordpress\/wp-json\/wp\/v2\/users\/1"}],"replies":[{"embeddable":true,"href":"https:\/\/www.lgsbartreng.lu\/wordpress\/wp-json\/wp\/v2\/comments?post=60"}],"version-history":[{"count":11,"href":"https:\/\/www.lgsbartreng.lu\/wordpress\/wp-json\/wp\/v2\/pages\/60\/revisions"}],"predecessor-version":[{"id":3284,"href":"https:\/\/www.lgsbartreng.lu\/wordpress\/wp-json\/wp\/v2\/pages\/60\/revisions\/3284"}],"up":[{"embeddable":true,"href":"https:\/\/www.lgsbartreng.lu\/wordpress\/wp-json\/wp\/v2\/pages\/109"}],"wp:attachment":[{"href":"https:\/\/www.lgsbartreng.lu\/wordpress\/wp-json\/wp\/v2\/media?parent=60"}],"curies":[{"name":"wp","href":"https:\/\/api.w.org\/{rel}","templated":true}]}}